ts digit of 1185071?
1
What is the units digit of 16134383?
3
What is the ten millions digit of 11541215?
1
What is the hundreds digit of 135169?
1
What is the ten thousands digit of 193305?
9
What is the tens digit of 325534?
3
What is the units digit of 7459597?
7
What is the units digit of 19718?
8
What is the units digit of 211802?
2
What is the tens digit of 148671?
7
What is the thousands digit of 3496350?
6
What is the thousands digit of 4197464?
7
What is the thousands digit of 7356222?
6
What is the tens digit of 3877921?
2
What is the thousands digit of 2337033?
7
What is the hundreds digit of 3214197?
1
What is the thousands digit of 246906?
6
What is the tens digit of 19126456?
5
What is the thousands digit of 59732?
9
What is the thousands digit of 29495?
9
What is the ten thousands digit of 1766278?
6
What is the millions digit of 3449768?
3
What is the tens digit of 2806973?
7
What is the millions digit of 7083744?
7
What is the units digit of 20136810?
0
What is the ten thousands digit of 5515061?
1
What is the hundreds digit of 42661993?
9
What is the units digit of 1702332?
2
What is the ten thousands digit of 4032219?
3
What is the ten millions digit of 10705683?
1
What is the units digit of 3091977?
7
What is the thousands digit of 7313145?
3
What is the millions digit of 2764977?
2
What is the units digit of 43688?
8
What is the tens digit of 378770?
7
What is the units digit of 4889189?
9
What is the thousands digit of 37150227?
0
What is the hundred thousands digit of 518846?
5
What is the hundreds digit of 2740178?
1
What is the units digit of 38643?
3
What is the hundred thousands digit of 645476?
6
What is the units digit of 473379?
9
What is the hundreds digit of 349749?
7
What is the ten millions digit of 10101868?
1
What is the thousands digit of 2364292?
4
What is the units digit of 11055201?
1
What is the tens digit of 5231475?
7
What is the ten thousands digit of 27955837?
5
What is the millions digit of 21474873?
1
What is the millions digit of 2886547?
2
What is the tens digit of 278226?
2
What is the thousands digit of 1300904?
0
What is the hundreds digit of 60298?
2
What is the ten thousands digit of 6098839?
9
What is the thousands digit of 1032729?
2
What is the hundred thousands digit of 117124?
1
What is the thousands digit of 6258244?
8
What is the thousands digit of 602851?
2
What is the hundreds digit of 355683?
6
What is the hundreds digit of 80276?
2
What is the hundred thousands digit of 303987?
3
What is the thousands digit of 6933046?
3
What is the ten thousands digit of 511275?
1
What is the ten thousands digit of 29928?
2
What is the tens digit of 555623?
2
What is the tens digit of 6641037?
3
What is the hundreds digit of 2704958?
9
What is the tens digit of 2737500?
0
What is the tens digit of 4714771?
7
What is the hundred thousands digit of 6632956?
6
What is the hundreds digit of 189307?
3
What is the hundred thousands digit of 1112089?
1
What is the ten millions digit of 15576835?
1
What is the ten millions digit of 12040145?
1
What is the hundred thousands digit of 736595?
7
What is the millions digit of 4851826?
4
What is the thousands digit of 97195?
7
What is the ten thousands digit of 171448?
7
What is the hundreds digit of 815373?
3
What is the millions digit of 1779288?
1
What is the hundreds digit of 8885855?
8
What is the tens digit of 5687753?
5
What is the units digit of 195708?
8
What is the millions digit of 4670406?
4
What is the ten thousands digit of 1197541?
9
What is the hundred thousands digit of 11625987?
6
What is the tens digit of 12858418?
1
What is the tens digit of 7426931?
3
What is the units digit of 583282?
2
What is the tens digit of 8644949?
4
What is the hundreds digit of 127962?
9
What is the units digit of 1010147?
7
What is the millions digit of 1455628?
1
What is the tens digit of 6748324?
2
What is the hundreds digit of 23310236?
2
What is the ten thousands digit of 91435?
9
What is the hundreds digit of 195215?
2
What is the ten thousands digit of 4472868?
7
What is the hundred thousands digit of 1547522?
5
What is the hundred thousands digit of 246239?
2
What is the millions digit of 11941266?
1
What is the hundreds digit of 5149226?
2
What is the units digit of 226323?
3
What is the hundred thousands digit of 8845407?
8
What is the ten millions digit of 22621432?
2
What is the thousands digit of 186295?
6
What is the millions digit of 11623875?
1
What is the millions digit of 11165134?
1
What is the thousands digit of 366454?
6
What is the ten thousands digit of 353553?
5
What is the thousands digit of 120238?
0
What is the tens digit of 71618?
1
What is the units digit of 11310745?
5
What is the millions digit of 6932871?
6
What is the thousands digit of 76052?
6
What is the units digit of 572079?
9
What is the thousands digit of 6736079?
6
What is the hundreds digit of 2147573?
5
What is the thousands digit of 2139438?
9
What is the millions digit of 2260083?
2
What is the thousands digit of 1665350?
5
What is the units digit of 5733932?
2
What is the hundred thousands digit of 1165151?
1
What is the hundred thousands digit of 257389?
2
What is the units digit of 66250?
0
What is the hundreds digit of 1326894?
8
What is the thousands digit of 4566779?
6
What is the millions digit of 4392901?
4
What is the thousands digit of 11767379?
7
What is the hundred thousands digit of 6303354?
3
What is the thousands digit of 3999?
3
What is the millions digit of 26024724?
6
What is the thousands digit of 490471?
0
What is the thousands digit of 4024197?
4
What is the tens digit of 3619928?
2
What is the thousands digit of 1637877?
7
What is the hundred thousands digit of 407045?
4
What is the thousands digit of 1415323?
5
What is the hundred thousands digit of 1765600?
7
What is the ten thousands digit of 279515?
7
What is the tens digit of 567562?
6
What is the thousands digit of 137307?
7
What is the units digit of 8931529?
9
What is the hundred thousands digit of 1810276?
8
What is the millions digit of 2284465?
2
What is the hundred thousands digit of 216877?
2
What is the ten thousands digit of 1734755?
3
What is the hundreds digit of 4388456?
4
What is the ten thousands digit of 2428540?
2
What is the tens digit of 493745?
4
What is the tens digit of 4736518?
1
What is the hundreds digit of 3245626?
6
What is the hundred thousands digit of 689703?
6
What is the hundred thousands digit of 607701?
6
What is the thousands digit of 405320?
5
What is the units digit of 811371?
1
What is the hundreds digit of 5120976?
9
What is the ten thousands digit of 156873?
5
What is the hundred thousands digit of 2384153?
3
What is the units digit of 746405?
5
What is the units digit of 53368?
8
What is the units digit of 1088326?
6
What is the hundreds digit of 11080346?
3
What is the hundreds digit of 200552?
5
What is the hundreds digit of 2027509?
5
What is the ten thousands digit of 1285641?
8
What is the millions digit of 10795146?
0
What is the units digit of 29827?
7
What is the millions digit of 3893049?
3
What is the hundred thousands digit of 821006?
8
What is the ten thousands digit of 25812989?
1
What is the hundreds digit of 10023806?
8
What is the hundreds digit of 34295?
2
What is the hundred thousands digit of 933741?
9
What is the thousands digit of 8405354?
5
What is the ten thousands digit of 61712?
6
What is the thousands digit of 247099?
7
What is the hundreds digit of 3549000?
0
What is the millions digit of 3192924?
3
What is the millions digit of 5717305?
5
What is the hundreds digit of 8771066?
0
What is the tens digit of 5525786?
8
What is the tens digit of 350121?
2
What is the tens digit of 34412954?
5
What is the ten thousands digit of 964489?
6
What is the units digit of 1242522?
2
What is the thousands digit of 114552?
4
What is the hundreds digit of 360171?
1
What is the units digit of 368146?
6
What is the ten thousands digit of 276331?
7
What is the ten thousands digit of 86643?
8
What is the units digit of 21807216?
6
What is the units digit of 109080?
0
What is the ten thousands digit of 536791?
3
What is the tens digit of 20965085?
8
What is the hundreds digit of 5498498?
4
What is the units digit of 298914?
4
What is the ten